se -19 = -4*z + 1, 3*u - 3*z = 150. What is the units digit of u?
5
Suppose -2*o = y + 2*y - 8, 3*y = o - 4. Suppose -2*m = 3*t - 2*t - 14, -o*t + 5*m + 108 = 0. What is the units digit of t?
2
Suppose -4*l = l - 60. Let z = l - 5. What is the tens digit of (-272)/(-28) + 2/z?
1
Let l(z) be the second derivative of -z**4/12 + 5*z**3/6 - 4*z. What is the units digit of l(4)?
4
Suppose 0 = 4*f - 3*f + 2. Suppose -o - 5 = 4*r, r + 20 = -0*r - 4*o. What is the tens digit of (r + 2/f)*-14?
1
Let a(o) be the third derivative of o**4/8 + o**3/6 - 5*o**2. What is the tens digit of a(4)?
1
Let a be -10*(-3)/(30/(-8)). Let d(y) = 3*y - 4. Let g be d(6). Let u = g + a. What is the units digit of u?
6
Let o = 352 - 190. What is the tens digit of o?
6
Let t(i) = -i**2 + 4*i + 9. What is the units digit of t(5)?
4
Let f(k) = 19*k - 27. What is the units digit of f(14)?
9
Suppose 4*v = -19 + 7. Let q = -4 - v. What is the units digit of q*2*(-2)/4?
1
Let w(h) = 4*h - 4 + h - 4*h. What is the units digit of w(8)?
4
Let u(t) = 2*t - 9 - 2 + 7. What is the tens digit of u(11)?
1
Let f(s) = 23*s**2 - 3*s + 3. What is the units digit of f(1)?
3
Let t(w) = w**2. Let b(l) = -l**3 + 6*l**2 - 4*l - 3. Let y be b(5). Let s be t(y). Suppose -23 = -s*f + 5. What is the units digit of f?
7
Let a(t) be the third derivative of t**6/120 + t**5/20 + t**4/24 + t**3/6 - t**2. What is the units digit of a(-2)?
3
Let a = -7 - -30. What is the tens digit of a?
2
Let b(s) = 2*s**3 - 3*s**2 - 2. Let x be -3*2*2/(-4). What is the units digit of b(x)?
5
Suppose 5*u + 4*x + 456 = 0, 2*u + 2*x - 76 = -260. What is the units digit of -3*1*u/24?
1
Let c = 7 - 17. Let s = c + 17. What is the units digit of s?
7
Let k be (0 - 2) + 3 + 27. Let d be (1 - 0)/((-4)/k). Let p = d - -14. What is the units digit of p?
7
Let c be ((-2)/2)/(4/(-40)). Let g = -10 + 5. Let o = g + c. What is the units digit of o?
5
Let r be (-4 + (-2 - -2))/(-2). Let h = -5 + 11. Suppose -r*k + k = -h. What is the units digit of k?
6
Suppose -k = 3*p + p + 20, -2*k + 5*p + 25 = 0. Suppose 5*g + 73 - 178 = k. Let r = g + -10. What is the units digit of r?
1
Suppose 5*p - 3*j - 110 = 0, -44 = p - 3*p + 3*j. Suppose -5*r + 18 = -p. What is the units digit of r?
8
Let z be ((-3)/(-1) - -8)/(-1). Let n = z + 16. What is the units digit of n?
5
Let r(o) = -o**3 + 7*o**2 - 4*o - 8. Let t(n) = -n + 8. Let s be t(8). Suppose s*w = 4*w - 24. What is the units digit of r(w)?
4
Let d = 0 - 0. Suppose d = -t - 4*t - 15, 5*t = -5*n - 15. What is the units digit of -6*(-3)/6 + n?
3
Let r be -5*(-6)/20*2. Suppose -2*l - l = 4*w - 28, -3*w + 4*l = -21. Suppose i - 3*i = m - w, r*m = -3*i + 24. What is the units digit of m?
9
Let j(i) = -3*i - 5. Let u(m) = 2*m + 3. Let k(w) = -3*j(w) - 5*u(w). Suppose 0 = 2*v + 6. What is the units digit of k(v)?
3
Let q be (-232)/(-12) - 1/3. Let s = q + -9. What is the units digit of s?
0
Suppose 2*u = 6*u - h - 138, 0 = -5*h + 10. What is the tens digit of u?
3
Let n be 2 + (0 + 19 - 3). Let y = -9 + n. What is the units digit of y?
9
Let g(o) = o**2 - 2*o. What is the units digit of g(-2)?
8
Let a be ((-6)/5)/((-8)/20). Suppose -8 = -4*d, -2*n - 3 = 2*d + a. What is the units digit of 4/(-10) - 27/n?
5
Let t = -4 - -42. Suppose -5*y + t = -62. What is the tens digit of y?
2
Suppose -2*c = 3*x - 504, -4*c + 3*x = -319 - 671. What is the hundreds digit of c?
2
Let u(h) = h**3 + 14*h**2 - 23*h - 24. What is the tens digit of u(-15)?
9
Let p = -161 + 235. What is the units digit of p?
4
Suppose 0 = -11*z + 6*z + 55. Let f = -7 + z. What is the units digit of f?
4
Suppose 9*r = 4*r - 5*k + 820, -4*r - 2*k = -660. What is the hundreds digit of r?
1
Suppose 3*d - 210 = -3*j, -2*j + 144 = -3*d - 1. What is the units digit of j?
1
Let t(w) = 0*w**2 + 3 + 2*w**2 - w**3 + w**2. Let o be (4/6)/((-4)/(-18)). What is the units digit of t(o)?
3
Let n = -13 - -7. What is the units digit of (-2 - 1)*2/n?
1
Suppose -2*b + 36 = -0*b + 2*m, -4*b = -5*m - 117. What is the units digit of b?
3
Suppose g - 3*g = 2, 97 = -5*p - 2*g. Let c = -3 - p. What is the units digit of c?
6
Let u = -17 - -22. What is the units digit of u?
5
Let n(d) = -5*d**2 + 1. Let r be n(1). Let s = 5 - r. What is the units digit of s?
9
Let z = 80 - 68. What is the units digit of z?
2
Let t(b) = -3*b**3 - 4*b**2 - 3*b - 2. What is the units digit of t(-2)?
2
Let v be (-1 + (-1)/(-1))*-1. Suppose 0 = c - 4*s - 7 - 15, v = -3*c + 3*s + 21. What is the units digit of c?
2
Suppose -2*t - 3*f = -4, -f = 3*f - 16. Let l(i) = i**3 + 4*i**2 - 4*i - 2. What is the tens digit of l(t)?
1
Let l(q) = -q**3 - 5*q**2 + 4*q + 3. Suppose 5*h + 4*d = -26, h - 3*d + 15 = -h. What is the units digit of l(h)?
5
Let y(n) be the second derivative of -n**3/6 - 3*n**2/2 + n. Let q be y(-4). Let v = 4 - q. What is the units digit of v?
3
Let m = 6 + -2. Suppose -n = -m*c - 2*n + 18, 4*n + 3 = -c. Suppose -22 = -d + u - c*u, -3*u = d - 19. What is the tens digit of d?
1
Suppose 0 = 4*m + 7 + 5. What is the tens digit of m/(-12) + (-134)/(-8)?
1
What is the units digit of -5 + 54 + 1 + -4?
6
Let c be 6/5 - 2/10. Suppose -3*z = -4*z + c. What is the units digit of z?
1
Suppose -4*p = -0*p - 152. Suppose -2*f + 10 = -p. Suppose -4*g = f - 72. What is the tens digit of g?
1
Suppose 0 = 3*b - 0*b - 117. Let p = b - 25. What is the units digit of p?
4
Let w(f) = -6*f + 6. Let v be w(2). Let k(i) = 2*i - 6. Let c(q) = -3*q + 13. Let g(h) = 3*c(h) + 5*k(h). What is the units digit of g(v)?
3
Suppose 0 = a - 4*s - 7, 0 = s + 4*s + 5. What is the units digit of a?
3
Let n(c) = -11*c + 3*c + c**2 + 7*c + 3*c. What is the units digit of n(-3)?
3
Let j = 484 - 285. What is the tens digit of j?
9
Let k = -1 + 3. Let o(u) = -2*u**2 + 3*u. Let x be o(k). Let a = 0 - x. What is the units digit of a?
2
Let w(f) = -f + 3. Let h be w(0). What is the units digit of h + (-2 - -2)/(-2)?
3
Let b(k) = 3*k**3 - 2*k**2 + 2*k - 1. Let n = -4 + 5. Let c be b(n). Suppose -i + 15 = c*i. What is the units digit of i?
5
Let u = 24 - -18. What is the tens digit of u?
4
Let x(d) = d**2 - 5*d - 5. Let h be x(9). Suppose g - 4*t - h = 0, g + 2*g = -5*t + 8. What is the units digit of g?
1
Let s(f) = 5*f + 15. Let q be s(-10). What is the units digit of 14/q + (-294)/(-10)?
9
Let i(l) = -3*l - l**2 + l**2 + l**2. Let f = 0 - -4. What is the units digit of i(f)?
4
Let p = 35 + 104. What is the hundreds digit of p?
1
Suppose 3*a + 25 = 10. What is the units digit of a/(-1*2/10)?
5
Let w = 30 - -60. What is the tens digit of w?
9
What is the hundreds digit of (-4)/4*-229 + 4?
2
Let x = 86 - 60. Let u = 46 - x. What is the tens digit of u?
2
Let n = 28 - 13. What is the units digit of n?
5
Let v(j) = -j**3 + 8*j**2 - 5*j - 7. What is the units digit of v(6)?
5
Suppose q = -4*c + 18, -6*q + 2*c = -2*q - 72. Suppose 3*y - 2*r = -0*y + 12, 2*y + 2*r - q = 0. What is the units digit of y?
6
Let p be -2*7/(-4)*8. Let c be 36/p + (-4)/14. Let g(n) = 4*n**3 + n**2 - n. What is the units digit of g(c)?
4
Let x = 9 - 11. What is the units digit of (-505)/(-55) - x/(-11)?
9
Suppose 27 = 2*a + a. Let t(h) = 6*h**2 - 5*h + 1. Let x(u) = -13*u**2 + 11*u - 2. Let y(z) = a*t(z) + 4*x(z). What is the units digit of y(-2)?
1
Let i(s) = s**3 - s**2 - 4*s + 25. What is the units digit of i(0)?
5
Let p = -69 - -46. What is the units digit of 2 + (1 - 2) - p?
4
Let p(j) = j**2 - 7*j + 9. Suppose 5*r + 1 = 2*s, -3*s + 5*r - 9*r - 56 = 0. Let w be (-40)/(-6) - (-8)/s. What is the units digit of p(w)?
3
Let d(z) = z**3 + 9*z**2 + 6*z + 9. Let r be -3*((-60)/(-9) - 4). What is the tens digit of d(r)?
2
Suppose 3*q - 8 = -c, -3*q = c + 2*q - 12. Let g be (-3)/c*16/3. Let d = g + 11. What is the units digit of d?
3
Suppose 2*z - 3 = -2*d + 3, 2*d = -4*z + 8. Suppose 0 = 2*s + 2*k - 14, -k = -s + d*k + 15. What is the units digit of s?
9
Suppose 2*s = 4*n + 258, s + 3*n + 126 = 2*s. What is the units digit of s?
5
Let f(v) = -v**2 + 7*v - 2. Let h be 40/6*30/(-25). Let o = -4 - h. What is the units digit of f(o)?
0
Let y = 45 + -17. What is the units digit of y?
8
Suppose 0 = -2*b - u - u - 10, 0 = 4*u + 12. Let q(p) = p + 19. Let z be q(-13). What is the units digit of 1*z*(-1)/b?
3
Let m(v) = 2*v**2 + 9*v - 4. What is the tens digi